f z(7)?
2
Let d(v) = 3*v**3 - 10*v**2 + 5*v + 9. Suppose -5*o + 50 = -4*o. Let r = 55 - o. What is the tens digit of d(r)?
5
Let f(w) = 7*w + 48. Let k be f(0). Let t = -43 + k. Suppose v + 3*v - 5*s - 622 = 0, -796 = -t*v - 3*s. What is the hundreds digit of v?
1
Let z(c) = -c**2 + 9*c - 6. Let n be z(9). Let f = n + -23. Let v = 95 + f. What is the tens digit of v?
6
Suppose 0*c = -9*c + 4*c. Suppose -6*k - 732 = -c*k. Let y = -86 - k. What is the tens digit of y?
3
Let h be (68/(-8))/(3/(-6)). Suppose -3*q + 7 = -h. Suppose 4*k = -c + q*k + 80, -108 = -2*c - 5*k. What is the tens digit of c?
6
Let l be ((-6)/((-36)/(-10662)))/(-1). Let d = l - 1218. What is the tens digit of d?
5
Suppose -5*a = -25, -d + 40 = 4*d + 5*a. Suppose 0 = c - 3*b - 0*b - 114, b = -d*c + 352. What is the hundreds digit of c?
1
Suppose 0 = -5*j + 13 + 12. Suppose 2050 = 5*m + j*z, 4*z = 4*m - z - 1622. Suppose 3*r + 605 = 5*l, m = 4*l + 2*r - 98. What is the units digit of l?
4
Suppose 4*n + 36 = 7*n. Let q(v) = v**2 - 13*v + 16. Let k be q(n). Suppose 4*w + 0*c = -c + 408, 0 = -k*w - 2*c + 408. What is the units digit of w?
2
Suppose w - 3*z + 6*z = 90, 58 = w - 5*z. Let m = -40 + w. Suppose -43*y + 85 = -m*y. What is the units digit of y?
7
Suppose 2*z = 13*s - 8*s + 58130, 0 = 7*z + 3*s - 203537. What is the units digit of z?
5
Let b(l) = 93*l + 2. Let v be b(-3). Let d = 533 + v. What is the units digit of d?
6
Let n = 66 + -66. Suppose 3*k = -d - 3 - n, -4*d + 4 = -4*k. Suppose -2*a + 4*a - 218 = d. What is the tens digit of a?
0
Suppose 5*n = 8*n, 3*n + 28 = 4*f. What is the tens digit of (4 - (f - 504))*1?
0
Suppose 0 = -12*b + 56 - 20. Suppose -x + 135 = 4*l - 2*l, x = b*l - 215. Let m = l - -49. What is the units digit of m?
9
Suppose -2*m = -3*m - 6. Let k be (-8)/(440/15)*11. What is the tens digit of -4*k*(-26)/m?
5
Let n(z) = 47*z**2 + 38*z + 3. Let d be n(-11). Suppose d = 109*y - 105*y. What is the tens digit of y?
1
Let n = 2143 + 333. What is the units digit of n?
6
Let j(m) = m**2 - 20*m - 36. Let u be j(24). Let o = u + -55. Suppose 2*s - 3*t = -5, -o*t = -3*t - 10. What is the units digit of s?
5
Let c(f) = 12*f**3 + 5*f**2 + 4*f - 18. Let h be c(10). What is the units digit of 12/10 + h/15 + -5?
1
Suppose -4*h = h - 10. Let k be 1 - 1 - 10/(0 - h). Suppose 3*j - k*j = -94. What is the units digit of j?
7
Suppose -u + 86*x - 88*x + 14200 = 0, 5*u - 70896 = 3*x. What is the hundreds digit of u?
1
Let y(p) = 3229*p - 530. What is the thousands digit of y(8)?
5
Suppose y = -3*c + 19, 0*y + 3*y - 2*c = 2. Suppose 0 = -3*l + 3, -5*l + l = y*f - 28. Let d(m) = m**3 - 7*m**2 + 11*m + 2. What is the units digit of d(f)?
2
Let w(i) = 140*i**2 + 8*i + 5. Let h be w(9). Suppose -h = -27*o + 7024. What is the hundreds digit of o?
6
What is the tens digit of (-278)/(-4)*1*(98 - -12)?
4
Suppose -11*d + 263060 = 17*d. Suppose -3455 = -25*m + d. What is the units digit of m?
4
Suppose 16*q = 2*j + 15*q - 45354, 90680 = 4*j + 5*q. What is the units digit of j?
5
Let o(d) = 22*d - 1 - 292*d**3 + 25*d - 48*d + d**2. What is the units digit of o(-1)?
3
Suppose -3*n = 3*m - 39, -1 + 4 = -n + 3*m. Let t(k) = 9 - 14*k**2 - n*k**2 + k**3 + k**2 + 3*k. What is the tens digit of t(22)?
7
Let c(v) = -v**3 + 12*v**2 + 2*v - 5. Let f be c(12). Let o = f - 9. Let a(l) = -l**2 + 12*l + 22. What is the tens digit of a(o)?
4
Let i = 63642 - 45256. What is the units digit of i?
6
Let g(p) = 2158*p + 1328. What is the ten thousands digit of g(7)?
1
Let v(i) be the second derivative of -3/10*i**5 + 1/6*i**4 + 28*i + 2/3*i**3 - 3/2*i**2 + 0. What is the tens digit of v(-3)?
6
Let j be (-22)/(-8) + (-2)/(-8). Suppose 0 = j*z - 422 - 10. What is the units digit of z?
4
Let o be 90/(-585) + 8383/(-13). Let g = o - -741. What is the tens digit of g?
9
Let b be -2*1*(-60)/6. Suppose z - 5*u - 2 = 0, -2*u = -z + 9 + 2. Suppose -z = -d + b. What is the tens digit of d?
3
Let l = 252 - 356. Let j be ((-27)/(-15))/((-38)/3420). Let i = l - j. What is the tens digit of i?
5
Let f(l) be the second derivative of 2*l**4/3 - l**3 + 33*l**2/2 + l - 40. What is the hundreds digit of f(6)?
2
Let c = 349 + -504. Suppose -2*o - 1 = 5, 0 = -4*s - 5*o - 355. Let d = s - c. What is the tens digit of d?
7
Suppose 0 = -c + a + 170, -4*a + 4 = -16. Let t(g) = -g**3 - g**2 + 3. Let q be t(0). Suppose z + 4*k - 85 = -k, -q*z + c = -5*k. What is the units digit of z?
5
Let m = 12636 - -42912. What is the hundreds digit of m?
5
What is the thousands digit of 16/24*156540/20?
5
Suppose 2*n + g - 324 + 61 = 0, -5*n + 657 = 3*g. Suppose 560 = -n*j + 136*j. What is the tens digit of j?
4
Let s = 2 - -262. Suppose 0 = m - 3*x - s, 7*m - 3*m - 1023 = x. What is the tens digit of m?
5
Let a be (594 + 11)*1/(3/18). Suppose 3*m + a = 9*m. What is the hundreds digit of m?
6
Suppose -17*a + 20*a - 737307 = -14*a. What is the tens digit of a?
7
Suppose v = -40 + 45. Suppose 757 = k - 3*m, 1503 = -14*k + 16*k + v*m. What is the hundreds digit of k?
7
Suppose 1460998 + 692774 = 73*m + 631503. What is the tens digit of m?
5
Suppose -13*d - 1865 = -8*d. Let m = d + 956. What is the units digit of m?
3
Suppose 4*i + 1 - 13 = 0. Suppose 4*u - 383 = i*h, 60 = 3*u + 2*h - 240. What is the units digit of u?
8
Suppose 4*b - 289 + 97 = 0. Suppose b = 6*f + 2*f. Let o(t) = -t**3 + 8*t**2 - 8*t - 6. What is the tens digit of o(f)?
1
What is the hundreds digit of 1/3 + (-5246516)/(-354)?
8
What is the tens digit of 912586/66 + 13 + 5603/(-429)?
2
Let w = -269 + 156. Let k = w + 117. Suppose 0*l + l - 131 = -k*o, -o = 5*l - 750. What is the hundreds digit of l?
1
Let b = 110 - -228. Let x = 922 - b. What is the units digit of x?
4
Suppose -4*p + 1269 = -1003. Suppose 0 = -2*f + 5*i + p, 1389 = 5*f + 6*i - 3*i. What is the units digit of f?
9
Suppose 4*i - 20 = 0, 4*g - 2*i + 1875 = -3*i. Let b = 701 + g. Let m = -59 + b. What is the units digit of m?
2
Let y be 5 + (-788)/(0 - 4). Suppose -46 = -h - s, 0*h - 4*h + 2*s + y = 0. Suppose 44*c - h*c = -320. What is the units digit of c?
4
Let t(n) = -18*n**3 - 7*n**2 + 7*n + 126. What is the ten thousands digit of t(-9)?
1
Let c(s) = 39*s**2 - 6*s + 1. Let g(t) = -39*t**2 + 5*t - 1. Let r(b) = -2*c(b) - 3*g(b). Suppose 5 = 27*v + 32. What is the tens digit of r(v)?
4
Suppose -244*g = -238*g - 32820. Suppose -6*u = -1016 - g. What is the units digit of u?
1
Let h(q) = 7*q - 135 + 3*q**2 - 123 + 245 + 6*q**3. Let d be h(3). Suppose -3*j + 4*g + 643 = 0, -j - 6*g + 3*g = -d. What is the units digit of j?
9
Let i(b) = -4*b**3 + 16*b**2 + 37*b - 7. Let v(j) = -11*j**3 + 48*j**2 + 111*j - 20. Let s(t) = -8*i(t) + 3*v(t). What is the units digit of s(18)?
4
Suppose -2*j = 10*j - 46316 - 4588. What is the thousands digit of j?
4
Suppose -10*x = -3*x - 119. Suppose 5*q + 0*q + 2*d = 21, -x = -3*q + d. Suppose 10 = q*n, 0*l + 4*l - n = 710. What is the tens digit of l?
7
What is the units digit of ((-5390)/(-42) + -6)*78?
2
Let v(i) = 2*i**2 + 10*i + 4. Let m be v(-4). Let c be (-1 + m/(-6))/((-2)/12). Suppose -c*w = -5*p - 7*w + 535, -p = -5*w - 119. What is the tens digit of p?
0
Suppose 0 = -5*w, 4*w - 105626 - 141574 = -10*s. What is the units digit of s?
0
Suppose 3*b - 90 = -2*b. Let h(s) be the first derivative of 3*s**2/2 - 31*s + 163. What is the units digit of h(b)?
3
Let a = -9 + 12. Suppose -5*c = a*d - d - 25, -4*d = -20. What is the units digit of (304 + 1)*c/15?
1
Suppose -6*v + 40 = -62. Let p(h) = 3*h**2 - 40*h - 29. What is the units digit of p(v)?
8
Suppose -5*n - 5*b + 35910 = 0, -n = -6*b + 9*b - 7178. What is the units digit of n?
4
Let j(f) = 86*f**2 + 1. Suppose 5*v + 220 = v. Let l be ((-11)/v)/(1/5). What is the units digit of j(l)?
7
Suppose -99*u + 175449 = -22*u - 278697. What is the units digit of u?
8
Let g(v) = -v**3 + 24*v**2 + 10*v + 46. Let y be g(22). Suppose -b - 2 = 0, -5*i - 2*b = -4*b - y. What is the tens digit of i?
4
Let l = -2801 + 3310. Suppose 0 = -5*a + 15, i - 225 = -2*i + 3*a. Suppose -f = 5*c - l, c - 4*f = i + 28. What is the hundreds digit of c?
1
Suppose -4*t - 5*c + 22 = 0, 7 = 5*t - 4*t + 2*c. Suppose -3*n - n = 4*k - 6124, -3*k = -t. What is the thousands digit of n?
1
Let k = 42 + -38. Let q(h) = 2 - h**2 + 1 + 0*h**2 - k*h. What is the uni